*k - 5. Suppose -5*v = -4*h - 42, 2*v - 6*v = -3*h - 33. Let r be j(v). Suppose 3*z = 4*z - r. What is the tens digit of z?
1
What is the units digit of (-188)/(-1) - (3/(-1) + 3)?
8
Suppose -3*y - 18 = -5*y. Let r = y - 6. What is the units digit of r?
3
What is the units digit of 18/(-45)*10*-17?
8
Let x be (-2)/((3/6)/(-1)). What is the units digit of 2/8 + 27/x?
7
Let g(h) = h**3 - 2*h**2 + h - 2. Let v be g(2). Suppose 15 = -5*s, v*a = 5*a - 4*s - 27. What is the units digit of a?
3
Suppose -3*i + 4*u + 10 = -u, -i + 3 = -2*u. Suppose 2*r - 19 = -0*r + 3*q, -43 = -i*r + 3*q. Let s(h) = -h + 19. What is the units digit of s(r)?
1
Let y(d) = -85*d + 4. What is the tens digit of y(-2)?
7
Let t(k) = -k**3 + 6*k**2 - 4*k + 7. What is the units digit of t(5)?
2
Suppose 9*i = 8*i. Suppose 0 = 2*t - i*t - 42. What is the tens digit of t?
2
Let y(t) = -t**3 - 9*t**2 - 2*t - 3. What is the units digit of y(-10)?
7
Let a(l) = -l**3 + 2*l + 84. What is the units digit of a(0)?
4
Suppose -2*i + 7*i = 5*b + 530, 0 = i - 4*b - 115. What is the hundreds digit of i?
1
Let j = -21 + 67. What is the tens digit of j?
4
Let k(p) = 3*p - 4*p - 2*p - 16 - 2*p. What is the tens digit of k(-8)?
2
Let l = -33 + 43. What is the tens digit of l?
1
Let j(t) be the second derivative of 5*t**4/12 - t**3/6 + t**2/2 - 3*t. What is the units digit of j(1)?
5
Let k(b) = -b**3 - 3*b**2 + 2*b + 3. Let h(s) = s**3 + 3*s**2 - 3*s - 4. Let l(x) = 5*h(x) + 6*k(x). What is the units digit of l(-3)?
7
Suppose y = 6*y + 215. Let s = 61 + y. What is the tens digit of s?
1
Let k(u) = -u**3 - 10*u**2 + 3*u - 32. What is the tens digit of k(-12)?
2
Let p be -7 + (-3)/(-9)*0. Let r(j) = -j**3 - 7*j**2 - 2*j + 4. What is the tens digit of r(p)?
1
Let s = 171 + -73. What is the units digit of s?
8
Let q = -58 - -91. What is the units digit of q?
3
Let d(x) = -x**3 + 13*x**2 + 2*x + 11. Let n be (-24)/60 + (-67)/(-5). What is the tens digit of d(n)?
3
Suppose 197 = 4*n - 35. What is the tens digit of n?
5
Let i(s) = -37*s + 10. What is the hundreds digit of i(-3)?
1
Let n = 497 + -275. What is the hundreds digit of n?
2
Let p = -229 + 322. Let a = -58 + p. What is the units digit of a?
5
Let f be 174/9 + (-2)/(-3). Let l = -6 + f. What is the units digit of l?
4
Let g = -8 - -47. What is the units digit of g?
9
Let g be 2/(-5) + 36/(-10). Let p be 26/((-2)/(g + 3)). Let k = 0 + p. What is the tens digit of k?
1
Let c(b) = -5*b**3 + b + 0*b - 16*b**3. Let y be c(-1). What is the units digit of (-5)/y + (-13)/(-4)?
3
Suppose 24 = 5*j - 2*j. What is the units digit of (-75)/(-21) + j/(-14)?
3
Suppose -3*z - 33 + 0 = -2*v, 54 = 3*v - 3*z. Let c = 3 + v. What is the tens digit of c?
2
Suppose 3*i - 2 = 4*i + 3*m, -4*m + 12 = 5*i. Let d be (i/(-10))/(3/15). What is the units digit of (-1)/d*(-36)/(-3)?
6
Suppose 2*p + 3*p + 5*d - 10 = 0, -3*p - 2*d = -7. Suppose -x - p*x = -104. What is the units digit of x?
6
Let n(l) = 2*l**2 + 6*l - 2*l + 0*l. What is the units digit of n(-3)?
6
Suppose 51 = 6*v - 483. What is the units digit of v?
9
Let c(p) = -p**3 - p**2 - p + 3. Suppose -5*l + 5 = -5*o, -4*l + 9 = 25. Let t = o + 5. What is the units digit of c(t)?
3
Let f be (-50)/(-8) + (-1)/4. Let g = f - 0. Let c = g + 1. What is the units digit of c?
7
What is the units digit of 2555/45 - 4/(-18)?
7
Let s(u) = -4*u + 1. Let t be s(-1). Let d be -5 + 4 + 29*1. Suppose -t*l + d + 2 = 0. What is the units digit of l?
6
Let q be 1 + (-3*3)/3. What is the units digit of (-2)/q*2 - 1?
1
Let t = -44 - -117. What is the tens digit of t?
7
Let n = 17 - 13. Let f(v) = v**2 - 2*v - 2. What is the units digit of f(n)?
6
Let m(f) = -f**3 - 4*f**2 - f - 1. Let c be m(-4). What is the units digit of 19 + (2 - c)/(-1)?
0
What is the tens digit of (28/6)/(2/6)?
1
Let f = 6 - 1. Let k(a) = a**2 + 2*a + 3. Let v be k(-4). Let s = v - f. What is the units digit of s?
6
Let r be 2/(-4) - 49/(-2). Let t = -2 + r. What is the tens digit of t?
2
Let u(z) = 1 + 3 - z - 3. Suppose -3 = 2*m - 3*m + 2*q, -2*m + 9 = -5*q. What is the units digit of u(m)?
4
Suppose 0*n - 5*q + 25 = 5*n, 2*q - 12 = -3*n. Let c(i) = -i**2. Let u be c(0). Let p = n - u. What is the units digit of p?
2
Suppose u + 2*x - 16 = -2, 4*u = -5*x + 53. Let v be (-1)/(-4) - 3/u. Suppose -h - 3 = -y, y + v*y - 2*h = 0. What is the units digit of y?
6
Suppose 3*z + 5*a = z - 17, -a - 9 = -z. What is the units digit of z?
4
Let u = -14 - -15. What is the tens digit of u*((-3 - -26) + -2)?
2
Let w = 15 + -9. Suppose -105 = -11*z + w*z. What is the units digit of z?
1
Suppose 5*f - 20 = -5*m, 5*f = -4*m + 9*m + 20. Suppose 8 = 3*q + q. Suppose 0 = -r - r - 4*g + 10, 4*r - q*g - 60 = m. What is the units digit of r?
3
Let h(o) = 2*o**3 - 6*o**2 - 26*o. What is the units digit of h(7)?
0
Suppose -3 = -o - h, -6*o + o - 4*h + 14 = 0. Suppose 0 = 2*l - 6 - o. What is the units digit of l?
4
Suppose 4*l - l = 498. What is the tens digit of l?
6
Suppose 3*s = 5 + 4. Suppose -r + 0 = -s. Suppose x - r*u = -6, 2*x + 2*u - 33 = -u. What is the units digit of x?
9
What is the units digit of ((-189)/(-35))/((-1)/(-5))?
7
Suppose 11 = 3*m + 5. Suppose -m*r + 4 = 2*r. What is the units digit of r?
1
Let h(m) = -5*m - 1. Let f be h(-1). Let o = f - -3. What is the units digit of o?
7
Suppose 0 = -3*b + 5*b - 18. What is the units digit of b?
9
Suppose 0*c = 4*c - 28. Suppose c*b - 3 = 4*b. Suppose b = m - 0. What is the units digit of m?
1
Let d(v) = -v**3 - v**2 + v + 24. Let t be d(0). Let s be 1/4 - (-114)/t. Let n(u) = u. What is the units digit of n(s)?
5
Let n be 64 - (-7)/(7/2). Suppose 2*o - n = -6. What is the units digit of o?
0
Suppose z - 4*l - 3 = 0, z + 40 = 6*z + 5*l. What is the units digit of z?
7
Suppose -4*n - 499 = -2*v - 49, -235 = -v - 3*n. What is the tens digit of v?
2
Let r(a) = 9*a + 1. Suppose 5*s - 20 = 3*z, -2*s + 4*s = -5*z - 23. What is the units digit of r(s)?
0
Suppose -2*c - 3*c + 95 = 0. Let v = -9 + c. Suppose 5*h + 0*u = u + 3, 4*u - v = -2*h. What is the units digit of h?
1
Let t = 4 + 0. Let n(s) = 0*s + s - t - 3*s. What is the units digit of n(-3)?
2
Let n = 48 + -26. What is the tens digit of n?
2
Let k(q) = -q**2 + 6*q - 2. Let r be k(-5). Let l = r - -81. What is the tens digit of l?
2
Let u = 4 + -4. Suppose -3*y - 3 = u, d - y - 4 = -1. Suppose 15 + 1 = d*z. What is the units digit of z?
8
What is the tens digit of (-196)/(-16) - 1/4?
1
Let j = 1 + 2. Suppose -9 = -j*k - 24. What is the units digit of 1/k + (-42)/(-10)?
4
Suppose -16*f + 19*f - 9 = 0. Suppose 0 = -f*w + 145 - 16. What is the units digit of w?
3
Let d(j) be the third derivative of j**6/120 + j**5/12 - 7*j**4/24 - j**3/2 - 2*j**2. Let q be d(-6). What is the units digit of 1 + q*-1 + 4?
2
What is the tens digit of 4/(-12) - 103/(-3)?
3
Let x be 3*(-1)/3*-1. Let q = x + 12. What is the units digit of q?
3
Let s(a) = a**2 + a - 15. What is the tens digit of s(12)?
4
What is the units digit of (120/(-35))/(1/(-56))?
2
What is the hundreds digit of 136 - -2*(-5)/5?
1
Suppose -5*o + 127 = 4*l, 152 = 5*l - 2*o + 18. What is the tens digit of l?
2
What is the units digit of (15/12 - 4)*-20?
5
Let y be -2 - (2 + -2*5). Let m(b) = -b**2 + 7*b - 9. Let g be m(y). What is the units digit of (g/(-2))/(1/2)?
3
Suppose 2*j + 4 = 4*j. Suppose -j*m + 23 + 7 = 0. What is the tens digit of m?
1
Let o(b) = 1 + 16*b + 0*b**2 + 3 + 2*b**2 - b**3 - 14*b. What is the units digit of o(-3)?
3
Let t be (-7 - -7)/(2/(-2)). Suppose 2*k - 4 = t, -4*u + 7*u - 3*k + 24 = 0. What is the units digit of 12*-1*3/u?
6
Suppose -58 - 2 = -2*y. Let j = y - 5. What is the tens digit of j?
2
Suppose -2*i + 3 = -z, 2*i - 9 = -10*z + 5*z. Let g = 4 + z. Suppose -g*b - 5*l + 40 = 0, 0*b - 22 = b - 5*l. What is the units digit of b?
3
Suppose 3*o - 36 = o. What is the units digit of o?
8
What is the units digit of (47 - -3) + -3 + 2?
9
Let f = -706 - -1036. What is the units digit of f?
0
Let h(x) = 8*x**2 - 7*x + 23. What is the hundreds digit of h(4)?
1
Let q(g) = -2 - 1 + 0*g**2 - 4*g**2 - 4*g. Let k be q(-2). Let m = k - -21. What is the units digit of m?
0
Suppose -4*o + 0*g - g - 26 = 0, 3*g = -6. What is the tens digit of 160/6 - (-4)/o?
2
Let i = 13 + -8. Suppose 0 = 5*b + s - 51, -2*s = -i*b - 5*s